*z + 3. Let v(m) = -6*b(m) + 7*g(m). Calculate v(-6).
-3
Let k = -8 - -10. Let q(t) = -t + 2*t**2 - 9 + 21 - 3*t**k. Determine q(0).
12
Suppose 3*l - m - 5 = 0, 0 = -4*m + 9*m - 5. Let f(a) = -a**2 + 4 - a - 4. Let o(n) = 2*n**3 + 10*n**2 + 10*n. Let t(z) = 12*f(z) + o(z). Determine t(l).
4
Let h(o) = 6*o**3 - o**2 + 7*o + 5. Let d(n) = 7*n**3 - 2*n**2 + 8*n + 5. Let w(p) = 5*d(p) - 6*h(p). Give w(-4).
3
Let c(s) = s - 2. Let o be c(3). Suppose 7*a = 3*a + 8, -5*v - 2*a + 4 = 0. Let d(r) = -r + 0*r + 0*r**2 + v*r**2 - 3*r**2. Calculate d(o).
-4
Let a(h) be the third derivative of -h**6/120 - h**5/20 - h**4/24 + h**3/3 - 11*h**2. Calculate a(-2).
0
Let m(u) be the third derivative of u**5/15 - u**4/24 - u**3/6 - 4*u**2 - 2. Let w be (-2 - -1)/((-1)/(-1)). Determine m(w).
4
Suppose 0*n = -2*n - 2*r, 0 = 4*n - 5*r - 45. Suppose 0 = -n*t + 3*t. Let v(y) = -y**2 + 6. Give v(t).
6
Suppose 3*u = -20 - 1. Let w(g) = g**3 + 6*g**2 - 6*g + 8. Give w(u).
1
Let d(p) = -p**2 + 7*p - 1. Let l = -5 - -2. Let r be (l + 2)*-5*1. Calculate d(r).
9
Suppose 4*i - 5*i - 22 = 5*o, -5*o - 18 = -i. Let n(w) be the third derivative of w**6/120 + w**5/30 + w**3/6 + 4*w**2. Give n(i).
1
Let q(g) = 6*g**2 + g + 1. Let l(a) = -a**3 - 4*a**2 + 2. Let y be l(-3). Let j = y + -3. Let s be j/6 - 14/(-21). Determine q(s).
6
Let x(k) = -k. Let f be (-8)/(-3)*9/(-2). Let v be (1/2)/(2/f). Let h be ((-1)/(-3))/((-1)/v). What is x(h)?
-1
Let p(f) = 7*f**2 + 13*f + 9. Let v(q) = 3*q**2 + 6*q + 4. Let n(g) = 4*p(g) - 10*v(g). Suppose -z = -4*z - 15. Give n(z).
-14
Let m(q) = -q**2 - 9*q. Let j(w) = -w**2 - w. Let o(k) = -6*j(k) + m(k). Let v = 8 + -6. What is o(v)?
14
Let u(b) = 6*b + 4. Suppose 4*j - 3 = -15. Determine u(j).
-14
Let i(y) = 1 - y + 0*y - 6. Determine i(-3).
-2
Let z(r) = 8*r**2 + r**3 - 3*r**2 + r - 5 + 2*r**2. Determine z(-7).
-12
Let z(r) be the second derivative of r**3/6 + 2*r**2 + 8*r. What is z(3)?
7
Let m(y) = -3*y + 9. Let i(d) be the first derivative of d**2/2 - 3*d + 3. Let l(z) = 17*i(z) + 6*m(z). Give l(-5).
8
Let d(m) = m. Let f be (-2)/6*7*3. Let b be (-24)/(-84) + 16/f. Calculate d(b).
-2
Let i(k) be the second derivative of -k**3/3 + 3*k**2/2 - 47*k. Let f = -1 + 3. Calculate i(f).
-1
Let p(i) be the second derivative of -i**3/6 + 5*i**2/2 - 19*i. What is p(0)?
5
Let f = -1 + 4. Let y = 4 - f. Let t(u) = -1 + 1 - y - u**2 + 2*u. Determine t(1).
0
Let b(z) = -3*z**2 - 8*z + 3. Let a(h) = -h**2 - 1. Let p(y) = 4*a(y) - b(y). Determine p(6).
5
Let z(i) = 5 - 3*i + 5*i - 7 - 2. Calculate z(3).
2
Let w(f) be the second derivative of f**5/40 + f**3/2 + 7*f. Let d(u) be the second derivative of w(u). Calculate d(2).
6
Let b = -10 - -5. Let r(n) be the third derivative of 0 - 5/24*n**4 + 0*n - n**2 - 1/60*n**5 + 2/3*n**3. What is r(b)?
4
Let m(l) be the second derivative of l**5/120 - l**4/24 - l**3/3 - l. Let p(n) be the second derivative of m(n). Determine p(3).
2
Let j(z) = -z - 1. Let a be j(-6). Let i(n) = 1 - 5 - 6*n + 3*n + n**2. Give i(a).
6
Let l(m) = m**3 - 2*m**2 - 2*m - 3. Let h be (-2)/(2/(-6)*2). Suppose h = u + 2. Let g(k) = 2*k + 1. Let x be g(u). What is l(x)?
0
Let a(i) = -i**3 - i**2 + i - 1. Let x = -40 + 40. Give a(x).
-1
Let j(o) be the third derivative of -o**6/24 + o**5/30 - o**3/6 + 16*o**2. Determine j(1).
-4
Let j(m) be the third derivative of 3*m**5/20 + m**4/24 - 6*m**2. What is j(-1)?
8
Let h(o) = -2*o**3 - 27*o**2 - 19*o - 28. Let g(v) = -3*v**3 - 41*v**2 - 28*v - 42. Let l(c) = -5*g(c) + 8*h(c). What is l(-10)?
6
Let j(c) be the second derivative of -c**4/12 - 5*c**2/2 + 2*c. Let o(t) = -t**2 - t - 5. Let b(v) = -5*j(v) + 6*o(v). Let z = -38 + 32. Calculate b(z).
-5
Let d(m) be the third derivative of -m**6/45 - m**5/120 + m**4/24 - m**3/3 + 7*m**2. Let s(y) be the first derivative of d(y). What is s(1)?
-8
Suppose 0*p + 11 = p + 2*a, 4*p - 29 = -3*a. Let f = p - -13. Let m(v) = -v + f - 18. What is m(-5)?
5
Let o be 3*2*(-11)/(-22). Suppose 3*c - 6 = -2*n, -n - o = -2*n - 4*c. Let j(q) = -q**3 + q**2 + 2*q + 3. Determine j(n).
-9
Let t be 10/(-15)*3/(-2). Let v = t - -6. Suppose 5*l = v + 13. Let o(h) = -h**3 + 4*h**2 - 1. Give o(l).
-1
Let f be 1/2 + 3/6. Let j(h) = 3 - 20*h - 2 + 7*h**2 + 18*h. Calculate j(f).
6
Let u = 19 - 14. Let s(h) = h**2 - 8*h + 6. Give s(u).
-9
Suppose 0 = 2*b + r - 2*r + 5, -3*b - 20 = r. Let c(w) = -w**2 - 4*w - 1. Determine c(b).
-6
Let u be (-2)/(-2) - 2/(-1). Let m be -1*u*(-2)/(-3). Let q = -2 - m. Let v(f) = -f + 1. Give v(q).
1
Let y = 6 - 2. Let f = -4 - -6. Let k(o) = -1 + 2*o + 1 - o**2 + f. Calculate k(y).
-6
Let f(l) = -2*l + 1. Suppose k + 3 = 5. Suppose 0 = k*j + 2*j - 20. Calculate f(j).
-9
Suppose -3*k = u - 13 - 4, -k = 3*u - 11. Let c = 4 - u. Let w(n) = -6*n + 3. Calculate w(c).
-9
Let d(f) be the third derivative of f**4/24 - f**3/3 + 16*f**2. Calculate d(-3).
-5
Let z(u) = -u - 1. Let l be z(-3). Let c(f) = -2 + 2 - 1 - f**3 + 7*f**2 - 6*f**l + 4*f. What is c(3)?
-7
Let h(q) = 2*q - 4. Suppose -2*c + 12 + 8 = 5*g, -3*g - c = -13. Let y = 3 - g. What is h(y)?
-10
Let i(c) = 3 - 1 - 2*c - c. Let j = 43 - 45. Determine i(j).
8
Let u(y) = 2*y. Suppose -10*j + 3 = -7*j. What is u(j)?
2
Let c(z) = -z**3 - 5*z**2 - 7. Suppose 0 = -d + 5*i - 27, 0 = 5*d - 0*d - 4*i + 30. Let n = d - 3. Give c(n).
-7
Let a = -2 - -7. Suppose 1 = -3*z - 2. Let t = z + a. Let u(l) = l**3 - 5*l**2 + 4*l - 1. What is u(t)?
-1
Let g(a) = -2*a + 2. Let l = -130 - -133. Determine g(l).
-4
Let g(y) = -y - 2. Suppose 19*s = 18*s. Determine g(s).
-2
Let z(g) = 8*g - 10 + 3 + 0*g - g**2. What is z(7)?
0
Let v(m) = m**2 - 3*m + 2. Let z = -111 - -115. Give v(z).
6
Let b(z) = z**2 + 6*z - 3. Let s be b(-7). Let f(k) = -k**2 + 3 - s + 2 + 2*k. Give f(4).
-7
Let a be 3 + 3 + -2 - 0. Let u(o) = -o**2 - a + 2 - 2 + 4*o. Suppose 9*h + 8 = 35. Give u(h).
-1
Let p(a) = -a**2 + a - 1. Let h(c) = -c**3 - c + 3. Let l(n) = h(n) + 2*p(n). Suppose 2*r + 21 = -5*r. Give l(r).
7
Let g(s) = 4*s**2 - s - 1. Let r(k) = k**2 + 6*k + 4. Let o be r(-6). Let l = 3 - o. Let j = -2 - l. Calculate g(j).
4
Let g(c) = -3*c - 2. Suppose 3*h + h = 2*k - 20, 13 = h + 4*k. Let o = 8 - 6. Let n be (h/9)/(o/(-12)). Calculate g(n).
-8
Let a be (2 + 2 - -2) + -2. Suppose l - 2*l + 5 = a*k, -l = -5*k - 5. Let q(g) = -g**3 - 4*g**2 + l*g**2 + 2*g**3 - 8. Give q(0).
-8
Suppose 0 = 4*j - j - 4*v + 1, 0 = -4*j + 5*v. Let o(r) = r + 5. Calculate o(j).
10
Let a = 41 + -38. Let h(g) be the first derivative of -g**2/2 + 4*g + 1. What is h(a)?
1
Let a(f) = f**3 + 11*f**2 - 4. Suppose -8*o + 2 - 90 = 0. Calculate a(o).
-4
Let w(v) = -v**3 - 7*v**2 - 7*v - 4. Let t be w(-6). Let u(y) = -y**2 + y**2 - 3*y**t + y**3. Give u(3).
0
Let h(u) = -u. Let b(s) = 0*s - s - 1 + s + 3*s. Let t be b(1). Give h(t).
-2
Suppose y - 4*t + 16 = 5*y, 5*y - 2*t - 27 = 0. Suppose -4*v + y = 1. Let b(o) = 5 - 7*o - 5. Calculate b(v).
-7
Let k(s) = s**2 + 3*s + 1. Let n(a) = a**3 + 7*a**2 - 9*a - 9. Let z be n(-8). Calculate k(z).
-1
Let v(t) = 9*t**3 - t**2 + 2*t - 1. Let w(l) = l**3 - 6. Let m be w(0). Let j = -5 - m. Suppose -j = -2*c + 1. Calculate v(c).
9
Suppose -3 - 1 = 2*u. Let q(k) = -5*k**3 + 6*k**2 - 2*k + 6. Let l(a) = -11*a**3 + 14*a**2 - 4*a + 13. Let s(t) = -4*l(t) + 9*q(t). What is s(u)?
6
Suppose 8 = 4*k - 0*k. Let x be 2/(-3*k)*-3. Let z(b) = -9*b**3 + b**2 - b + 1. Determine z(x).
-8
Let c(a) = -10*a**2 - 9*a - 7. Let k be c(-1). Let o(r) = 3*r - 7. Let b(u) = 7*u - 14. Let j(l) = 4*b(l) - 9*o(l). Determine j(k).
-1
Suppose 5 + 7 = 2*i. Let f(m) be the first derivative of m**5/120 - 7*m**4/24 - m**3 - 5. Let w(k) be the third derivative of f(k). Give w(i).
-1
Let z(r) be the first derivative of 1/3*r**3 + 2*r**2 - 3 - 2*r. Determine z(-6).
10
Let z(v) = -35*v**3 + 3*v**2 + 17. Let g(a) = -12*a**3 + a**2 + 6. Let k(n) = -17*g(n) + 6*z(n). Calculate k(1).
-5
Let o(l) = 2*l - 3. Let b be (-4)/((-12)/1) + 10/6. Calculate o(b).
1
Let h(l) = l + 3. Suppose 0 = -3*f - 2*j - 32, -f + 0*j - 4 = 2*j. Let p = -7 - f. Suppose 2*n + 1 - p = 0. Give h(n).
6
Let l be ((-6)/7)/(4/28). Let z(b) = -b**2 - 5*b + 6. Let o be z(l). Let q(n) be the first derivative of n**3/3 - n**2/2 + 3*n + 3. What is q(o)?
3
Let l(w) = -7*w - 61. Let p be l(-8). Let c(b) = -b**2 - 3*b + 3. Calcul